me factors of 519175561.
643, 807427
List the prime factors of 53687076.
2, 3, 61, 71, 1033
What are the prime factors of 54730636?
2, 13682659
List the prime factors of 5623305.
3, 5, 374887
What are the prime factors of 18600589?
7, 31, 85717
What are the prime factors of 3087656988?
2, 3, 13, 23, 167, 5153
List the prime factors of 586934298.
2, 3, 2389, 13649
List the prime factors of 13610368.
2, 106331
List the prime factors of 636787904.
2, 17, 585283
What are the prime factors of 663601637?
499, 1329863
List the prime factors of 52192739.
71, 735109
What are the prime factors of 1771749645?
3, 5, 59, 2001977
List the prime factors of 2497942803.
3, 71, 449, 26119
List the prime factors of 71795605.
5, 7, 877, 2339
List the prime factors of 737310251.
359, 2053789
What are the prime factors of 29178001?
17, 953, 1801
List the prime factors of 192376907.
137, 1404211
What are the prime factors of 5551087143?
3, 7, 457, 578419
List the prime factors of 19834936.
2, 11, 19, 11863
List the prime factors of 263487985.
5, 4931, 10687
What are the prime factors of 62721071?
7, 19, 59, 7993
List the prime factors of 268719972.
2, 3, 2767, 8093
List the prime factors of 46087240.
2, 5, 1152181
List the prime factors of 127739504.
2, 1721, 4639
What are the prime factors of 4888086477?
3, 23, 293, 241781
What are the prime factors of 56872990?
2, 5, 17, 334547
List the prime factors of 79196778.
2, 3, 17, 149, 193
What are the prime factors of 1165762075?
5, 2281, 20443
What are the prime factors of 492133332?
2, 3, 41, 89, 11239
What are the prime factors of 3461743589?
19, 101, 757, 2383
List the prime factors of 292894749.
3, 7, 4649123
List the prime factors of 1607701337.
11, 146154667
List the prime factors of 101551212.
2, 3, 7, 134327
List the prime factors of 1219957760.
2, 5, 7, 34039
What are the prime factors of 44191099?
29, 79, 19289
What are the prime factors of 1074255534?
2, 3, 11, 17, 35461
List the prime factors of 87282715.
5, 13, 103, 13037
List the prime factors of 740002360.
2, 5, 857, 21587
What are the prime factors of 1142568?
2, 3, 7, 2267
List the prime factors of 33267063.
3, 673, 16477
List the prime factors of 221912.
2, 27739
What are the prime factors of 1987863531?
3, 662621177
What are the prime factors of 3237408?
2, 3, 1249
List the prime factors of 92485768.
2, 19, 608459
What are the prime factors of 1689384672?
2, 3, 5865919
List the prime factors of 1731700695.
3, 5, 257, 449209
What are the prime factors of 2208003808?
2, 2777, 24847
List the prime factors of 1557872390.
2, 5, 3163, 49253
What are the prime factors of 734274013?
11, 17, 349, 11251
List the prime factors of 7496616.
2, 3, 29, 10771
What are the prime factors of 26945283?
3, 167, 53783
What are the prime factors of 15968786?
2, 379, 21067
List the prime factors of 361163862.
2, 3, 20064659
What are the prime factors of 398509790?
2, 5, 7, 401, 14197
List the prime factors of 275740669.
3343, 82483
List the prime factors of 195627033.
3, 7, 233, 13327
What are the prime factors of 189097406?
2, 83, 1139141
List the prime factors of 34918456.
2, 457, 9551
List the prime factors of 236271205.
5, 401, 117841
What are the prime factors of 84536762?
2, 42268381
What are the prime factors of 2636711260?
2, 5, 23, 5731981
What are the prime factors of 2726983273?
7, 439, 887401
What are the prime factors of 92279508?
2, 3, 29, 283, 937
What are the prime factors of 2352256686?
2, 3, 13, 83, 13457
What are the prime factors of 20501085?
3, 5, 11, 124249
List the prime factors of 514534877.
19, 557, 48619
List the prime factors of 40696361.
23, 43, 41149
List the prime factors of 431184286.
2, 13, 1627, 10193
List the prime factors of 210102453.
3, 11, 499, 4253
List the prime factors of 86168037.
3, 113, 157, 1619
List the prime factors of 46309329.
3, 11, 509, 919
What are the prime factors of 30283549?
19, 467, 3413
What are the prime factors of 31304461?
79, 396259
What are the prime factors of 1162464241?
911, 1276031
List the prime factors of 322477827.
3, 7, 503, 30529
What are the prime factors of 60320793?
3, 13, 1546687
List the prime factors of 544868314.
2, 272434157
List the prime factors of 1591980068.
2, 7, 56856431
List the prime factors of 187396436.
2, 151, 449, 691
What are the prime factors of 26382242?
2, 23, 573527
List the prime factors of 1481734847.
6971, 212557
What are the prime factors of 110344398?
2, 3, 18390733
What are the prime factors of 444552110?
2, 5, 347, 128113
List the prime factors of 87509347.
47, 113, 16477
List the prime factors of 36583712.
2, 11, 43, 2417
List the prime factors of 176896624.
2, 11056039
List the prime factors of 456790720.
2, 5, 43, 89, 373
What are the prime factors of 28103358?
2, 3, 137, 179, 191
List the prime factors of 65441894.
2, 7, 4674421
What are the prime factors of 160846877?
17, 9461581
What are the prime factors of 1211671898?
2, 307, 1973407
List the prime factors of 253292465.
5, 41, 1235573
What are the prime factors of 50637921?
3, 1433, 11779
What are the prime factors of 2420653135?
5, 31, 743, 21019
List the prime factors of 1298075668.
2, 19, 521, 32783
What are the prime factors of 2291786912?
2, 109, 657049
List the prime factors of 18163891.
18163891
List the prime factors of 223590271.
19, 607, 19387
List the prime factors of 645490.
2, 5, 17, 3797
What are the prime factors of 12850441?
19, 676339
List the prime factors of 2021665025.
5, 173, 467437
List the prime factors of 22978362.
2, 3, 11, 53, 6569
List the prime factors of 385368954.
2, 3, 17, 3778127
List the prime factors of 451773391.
451773391
List the prime factors of 90816858.
2, 3, 11, 523, 877
List the prime factors of 33434864.
2, 31, 67409
List the prime factors of 70477900.
2, 5, 704779
List the prime factors of 993147555.
3, 5, 349, 189713
What are the prime factors of 70392274?
2, 17, 151, 13711
List the prime factors of 1693023.
3, 67, 8423
List the prime factors of 498795817.
13, 5437, 7057
What are the prime factors of 27768828?
2, 3, 271, 8539
List the prime factors of 5923694005.
5, 1184738801
What are the prime factors of 264109323?
3, 88036441
List the prime factors of 7267594.
2, 3633797
What are the prime factors of 230437042?
2, 11, 10474411
What are the prime factors of 141377652?
2, 3, 13, 181, 1669
List the prime factors of 9332884283.
61, 1693, 90371
What are the prime factors of 31179563?
1321, 23603
What are the prime factors of 636822214?
2, 7, 179, 254119
List the prime factors of 68669096.
2, 41, 209357
List the prime factors of 160716378.
2, 3, 89, 300967
What are the prime factors of 78918432?
2, 3, 822067
What are the prime factors of 467839012?
2, 61, 1917373
List the prime factors of 223893114.
2, 3, 1213, 30763
What are the prime factors of 1489496299?
1489496299
What are the prime factors of 80907900?
2, 3, 5, 37, 197
What are the prime factors of 5309903?
5309903
What are the prime factors of 50904624?
2, 3, 1060513
List the prime factors of 142090666.
2, 41, 1103, 1571
List the prime factors of 135303856.
2, 61, 157, 883
What are the prime factors of 5514272318?
2, 241, 11440399
What are the prime factors of 50592415?
5, 101, 100183
List the prime factors of 113625272.
2, 139, 102181
What are the prime factors of 1555974030?
2, 3, 5, 13, 19, 209983
What are the prime factors of 12953382?
2, 3, 13, 71, 2339
List the prime factors of 534393308.
2, 541, 246947
List the prime factors of 34561215.
3, 5, 13, 47, 419
What are the prime factors of 6151950139?
23, 383, 698371
List the prime factors of 889215141.
3, 17, 1025623
What are the prime factors of 3707004147?
3, 7, 11, 16047637
What are the prime factors of 922642169?
922642169
What are the prime factors of 104259870?
2, 3, 5, 11, 13, 8101
List the prime factors of 158167870.
2, 5, 7, 137, 16493
What are the prime factors of 5350146607?
13, 411549739
List the prime factors of 1597422.
2, 3, 17, 15661
List the prime factors of 50567627.
11, 211, 21787
What are the prime factors of 7248317683?
53, 136760711
List the prime factors of 5605835794.
2, 13, 47, 59, 5981
List the prime factors of 433919903.
79, 5492657
List the prime factors of 214044483.
3, 967, 73783
What are the prime factors of 74353689?
3, 8261521